 l(p) = p**2 + 7*p - 7. Let t be l(-7). Let h = 14 + t. What are the prime factors of h?
7
Let m(o) = -o**2 + 6*o - 1. Let p be m(5). Let s be (p/(-7))/(2/(-7)). Suppose -3*g - 6 = 9, -17 = -y + s*g. What are the prime factors of y?
7
Suppose 5*h = -2*s + 1235, 0*h + s - 250 = -h. What are the prime factors of h?
5, 7
Suppose -5*g + 6 = 4*z, -3*z + 0 = -2*g + 7. List the prime factors of 4 - (2 - z/(-1)).
3
Suppose -18 + 126 = -3*m. Let r = -25 - m. List the prime factors of r.
11
Let x(a) = a**2 + a. Let h(b) = b**3 - b**2 - 6*b - 3. Let n(f) = -h(f) - 4*x(f). Let j be n(-4). List the prime factors of j/2 - 6/12.
5
Let n(u) = 3*u + 1. Let x = -7 - 1. Let f = -6 - x. List the prime factors of n(f).
7
Let q(t) = -2*t**3 - 6*t**2 + 2*t - 9. What are the prime factors of q(-4)?
3, 5
Let k be 4*3/6 - -1. Let b = 4 - -8. Suppose b = 5*c - k. List the prime factors of c.
3
Suppose -6*u + 3*u = -9. Let w be (14/u)/(4/6). Let j = w - 1. List the prime factors of j.
2, 3
Let t = 4 + -11. Let w(x) = -x**2 - 7*x + 4. Let b be w(t). Suppose -3*v + b = -2. What are the prime factors of v?
2
List the prime factors of 6/(-24) + (-219)/(-12).
2, 3
Suppose 5*y - 15 - 35 = 0. List the prime factors of y.
2, 5
Suppose -4*t - g + 68 = 0, 4*t - g - 4*g - 44 = 0. What are the prime factors of t?
2
Suppose 3*l = 5*n - 463, -63 = -3*n - 3*l + 234. List the prime factors of n.
5, 19
Let o(p) = -p**2 + 23*p + 32. List the prime factors of o(12).
2, 41
Let o = 1 - 5. List the prime factors of 6*o/6*-1.
2
Let h(x) = 3*x**2 + 20*x + 22. What are the prime factors of h(-9)?
5, 17
Let c(r) = -r - 3. Let u = 6 - 4. Suppose 0 = f + 14 - u. What are the prime factors of c(f)?
3
Let p = 99 + -89. What are the prime factors of p?
2, 5
Let q(c) = -c + 1. Let z be q(-4). Let s(d) = d**3 + 3*d**2 - d. Let w be s(-3). Let i = z + w. List the prime factors of i.
2
Let p(l) = l**3 - 8*l**2 + 5*l + 7. Let i be p(7). Let a = 11 + i. Suppose -7 = -w + 2*q + 1, -w - a*q = -26. What are the prime factors of w?
2, 7
Let r = 14 - 7. Suppose -2*s + 3*i + 1 - 12 = 0, 4*s + r = 3*i. What are the prime factors of s/(2 + -4) - -14?
13
Let w be (1 + -31)/(-2) - 1. Let m = w - 10. List the prime factors of (m/(-6))/((-12)/90).
5
Let b(n) be the second derivative of -n**5/20 + 5*n**4/12 + n**3/3 - 3*n**2 - n. What are the prime factors of b(5)?
2
List the prime factors of 1408/14 - (-9)/21.
101
Let s = -6 + 11. Suppose -6 = -s*g + 29. Suppose 44 = g*i - 3*i. List the prime factors of i.
11
Let k(b) be the third derivative of b**5/60 + b**4/6 - 2*b**3/3 + 4*b**2. Let h be k(-5). List the prime factors of (-12 - (-2 - h))*-2.
2, 3
Suppose 0 = 2*v - 341 + 113. What are the prime factors of v?
2, 3, 19
Let m be -3*(4/12 - -3). Let t = m - -24. What are the prime factors of t?
2, 7
Let b(x) be the second derivative of -x**5/20 + x**4/3 - x**3/2 + x. Let h be b(2). Suppose 0 = -g - h*z - 1 - 0, -19 = -g + 2*z. List the prime factors of g.
3
Suppose 0 = 4*w + 1 + 7. List the prime factors of (1 - 46)*(1 + w).
3, 5
Suppose -4*u = 4*m - 88, m - 4*m = -12. What are the prime factors of u?
2, 3
Suppose -h + 5 = -0*h - i, 0 = -4*i - 12. Suppose 2*o + h*o = -8. What are the prime factors of (-1)/((-11)/5 - o)?
5
Suppose 0 = -n + 5*s + 13, n - 2*s + 1 = 8. List the prime factors of n.
3
Suppose 18*x = 15*x + 96. Let h = -3 + x. List the prime factors of h.
29
Let v(a) = 11*a**2 - 4*a**3 - 14 + 0*a**3 + 15*a + 3*a**3. What are the prime factors of v(12)?
2, 11
Suppose 330 = 5*w - 5*t, 4*w - t - 78 = 186. List the prime factors of w.
2, 3, 11
Suppose 2 = 3*r + 2*p, 0*r = -3*r - 5*p - 13. Suppose -k + j + 83 = 2*k, -2*k + r*j = -52. What are the prime factors of k?
2, 7
Suppose -3*d + 4*p = -6*d + 18, 2*d + 11 = 5*p. What are the prime factors of d?
2
Let d(x) = -x - 1491. Let o be d(0). Let k be o/(-33) - 8/44. List the prime factors of 2 + -3 + k/3.
2, 7
Let z = -4 - -8. Suppose -z*n - 3*i = 2*i + 71, 0 = i + 3. Let m = -7 - n. What are the prime factors of m?
7
Suppose 33 = 5*f + 4*l, 4*l + l = 2*f. Let n(c) = -4*c - 3 + 6 + f*c - 2*c. What are the prime factors of n(-8)?
11
Let o(w) = 2*w**2 - 2*w - 8. Let x be o(6). Suppose -21 = 2*h - 63. List the prime factors of 6/h + x/14.
2
Suppose -x - 28 = 3*j - 183, -2*j - x = -103. What are the prime factors of j?
2, 13
Suppose -5*d + 15 = 0, 0*a - 4*d = -4*a + 688. List the prime factors of a.
5, 7
Let y be -2 - ((-3 - -6) + 7). Let t = y - -35. List the prime factors of t.
23
Let v(h) = 1 - 2*h + 2 + 0. Let w be v(6). Let d(b) = b**2 + 8*b + 3. What are the prime factors of d(w)?
2, 3
Let h = -159 + 236. Let t = 123 - h. List the prime factors of t.
2, 23
Suppose -5*j = u + 10, -u - 4*j = -3*j - 2. Suppose -10 = -u*r - 0*r. Suppose 5*f - 60 = -r*g + 17, -5*f + 3*g + 72 = 0. List the prime factors of f.
3, 5
Let d be (2 - (-3)/3) + 0. Suppose 3*g + d*r - 21 = -87, 2*g + 4*r + 54 = 0. Let l = 33 + g. What are the prime factors of l?
2
Suppose -16 - 46 = -c. List the prime factors of c.
2, 31
Suppose -3*v - 9 = -3*u, 0*v = -v + 5. What are the prime factors of u?
2
Let v = 3 + -5. Let q(k) = 3*k**2 - 4*k - 6. Let i(a) = -6*a**2 + 7*a + 11. Let m(b) = -6*i(b) - 11*q(b). List the prime factors of m(v).
2
Let f = 8 - 5. Let g be (16/(-6))/(1/f). List the prime factors of 156/g*(-4)/6.
13
Let v = 165 - 98. What are the prime factors of v?
67
Suppose 8 = k + 3*k. Suppose 4*v - 2 = -4*i + k, -5*v + 25 = i. List the prime factors of v.
2, 3
Let h be -5*6*4/(-5). Suppose -5*z = -y + 39, -2*z - h = -3*y + 28. What are the prime factors of y?
2, 7
What are the prime factors of 71/2 + (-75)/(-50)?
37
Let s be -12 + ((-2)/(-2) - -1). Let h = s + 25. List the prime factors of h.
3, 5
Suppose 3*u = 2*l + 235, l = -4*u + 3*l + 312. List the prime factors of u.
7, 11
Let p = 51 + -29. List the prime factors of p.
2, 11
Suppose 4*f = -9 + 1, c - 7 = f. Suppose -c*p = -0*p + 145. What are the prime factors of (-4)/18 - p/9?
3
Let w(o) = 2*o - 10. Let g(f) = 4*f - 21. Let b(j) = -2*g(j) + 5*w(j). What are the prime factors of b(7)?
2, 3
List the prime factors of (-51)/(-2) + 2/(-4).
5
Let f(c) = -3*c**3 - c**2 - 1. Let o be f(-2). Let u = -34 + o. Let d = -9 - u. List the prime factors of d.
2, 3
Let d(y) = 5*y**3 + y. Let w(i) = i**3 + 9*i**2 + 9*i + 9. Let p be w(-8). What are the prime factors of d(p)?
2, 3
Let l be 0*(-2)/(-1 - -3). Let d be (3/3 + l)*-7. Let f = d - -11. What are the prime factors of f?
2
What are the prime factors of (249 - 4)*(-3 + 4/1)?
5, 7
List the prime factors of (48 + -2 - (-2 - -1))*1.
47
Let n(f) = -2*f - 5. What are the prime factors of n(-4)?
3
Let o = -275 + 455. List the prime factors of o.
2, 3, 5
Suppose 0*c - 5*c + 15 = 0. Let q = 10 - 4. Let o = q + c. List the prime factors of o.
3
Suppose 91*g - 86*g = 420. List the prime factors of g.
2, 3, 7
Suppose 5*r = 4*f - 69, 0*f - 46 = -3*f - 2*r. What are the prime factors of f?
2
Suppose -a - 2*a = -18. Suppose -h = -a - 13. Suppose 37 + h = 4*m. List the prime factors of m.
2, 7
Suppose -o + 36 = m - 5, 3*o - 5*m - 83 = 0. List the prime factors of o.
2, 3
Let j(s) be the third derivative of s**4/6 - s**3 + s**2. What are the prime factors of j(4)?
2, 5
Suppose p - 22 = 2*d - 3*d, 0 = -2*d - p + 40. List the prime factors of d.
2, 3
Suppose 3*s - 45 = -h, -2*s = -5*s + 9. List the prime factors of 316/h + (-2)/(-9).
3
Let i(b) = 6*b + 3. List the prime factors of i(11).
3, 23
Suppose -2*t + 5*j = -311, -4*j = 3*t - 2*j - 476. List the prime factors of t.
2, 79
Let o be ((-1)/(-2))/(1/8). Let h = o + -2. List the prime factors of h.
2
Let h(f) = -f**3 + 12*f**2 - 10*f - 1. Let o be h(10). Suppose -4*s - 3*a + 159 = 0, 3*s + 4*a = o + 22. Suppose -4*r + s = -1. List the prime factors of r.
2, 5
Suppose 7*v + 68 = 9*v. What are the prime factors of v?
2, 17
Suppose -3 = -5*j - 18. Let w = 2 - j. List the prime factors of w.
5
Let p(x) = x**3 + 5*x**2 - x - 3. Let b be p(-5). Let j(o) = 2*o + 2. Let z be j(-2). What are the prime factors of b*(z + -2)/(-1)?
2
Let i(r) = -3*r + 4. What are the prime factors of i(-15)?
7
Let n(d) = -d**3 - 3*d**2 + 2*d - 2. Let c be n(-4). Suppose -c*o + 10 = -o. Suppose -o*k + 0*k + r + 15 = 0, -3*k + 3*r = -24. List the prime factors of k.
7
List the prime factors of 